tens digit of 2373163?
6
What is the hundreds digit of 127747?
7
What is the thousands digit of 7939696?
9
What is the thousands digit of 104742?
4
What is the ten thousands digit of 49084?
4
What is the tens digit of 221614?
1
What is the thousands digit of 16490407?
0
What is the tens digit of 4974360?
6
What is the units digit of 2333815?
5
What is the ten thousands digit of 2730914?
3
What is the millions digit of 2450337?
2
What is the ten thousands digit of 3019881?
1
What is the ten thousands digit of 3408849?
0
What is the hundreds digit of 727983?
9
What is the thousands digit of 19788?
9
What is the units digit of 494717?
7
What is the ten thousands digit of 496194?
9
What is the ten thousands digit of 3017608?
1
What is the hundreds digit of 546608?
6
What is the hundred thousands digit of 8634181?
6
What is the ten thousands digit of 958261?
5
What is the units digit of 8719?
9
What is the units digit of 29870505?
5
What is the ten thousands digit of 10916136?
1
What is the ten thousands digit of 1755831?
5
What is the units digit of 213414?
4
What is the millions digit of 21417987?
1
What is the ten thousands digit of 768684?
6
What is the hundreds digit of 11121206?
2
What is the ten thousands digit of 136446?
3
What is the millions digit of 2394924?
2
What is the millions digit of 2939786?
2
What is the units digit of 7035855?
5
What is the hundred thousands digit of 1856040?
8
What is the tens digit of 1089297?
9
What is the units digit of 27720219?
9
What is the hundreds digit of 145810?
8
What is the hundred thousands digit of 2953801?
9
What is the hundreds digit of 206019?
0
What is the ten thousands digit of 1783288?
8
What is the units digit of 465645?
5
What is the hundred thousands digit of 222743?
2
What is the hundreds digit of 223988?
9
What is the tens digit of 308423?
2
What is the tens digit of 447968?
6
What is the millions digit of 36067380?
6
What is the hundreds digit of 4899974?
9
What is the tens digit of 348511?
1
What is the ten thousands digit of 579993?
7
What is the thousands digit of 226532?
6
What is the hundreds digit of 829016?
0
What is the hundreds digit of 295503?
5
What is the tens digit of 31104361?
6
What is the ten thousands digit of 645727?
4
What is the thousands digit of 15209750?
9
What is the units digit of 84730?
0
What is the ten millions digit of 22731468?
2
What is the hundreds digit of 209187?
1
What is the hundreds digit of 2597027?
0
What is the thousands digit of 2249125?
9
What is the tens digit of 3551167?
6
What is the thousands digit of 973650?
3
What is the millions digit of 1610785?
1
What is the millions digit of 1439826?
1
What is the ten millions digit of 18762664?
1
What is the tens digit of 4045095?
9
What is the ten millions digit of 19712356?
1
What is the hundred thousands digit of 387569?
3
What is the ten thousands digit of 675177?
7
What is the thousands digit of 453645?
3
What is the hundred thousands digit of 633149?
6
What is the units digit of 356704?
4
What is the ten thousands digit of 1956504?
5
What is the thousands digit of 19477911?
7
What is the thousands digit of 68032?
8
What is the units digit of 721857?
7
What is the hundred thousands digit of 1509512?
5
What is the units digit of 1967843?
3
What is the units digit of 8447558?
8
What is the units digit of 3397784?
4
What is the tens digit of 388876?
7
What is the millions digit of 1116064?
1
What is the thousands digit of 5383667?
3
What is the thousands digit of 208830?
8
What is the tens digit of 608185?
8
What is the ten millions digit of 32383058?
3
What is the hundreds digit of 866378?
3
What is the hundred thousands digit of 783430?
7
What is the thousands digit of 1750096?
0
What is the units digit of 239979?
9
What is the tens digit of 2525341?
4
What is the millions digit of 1615481?
1
What is the thousands digit of 1003279?
3
What is the hundred thousands digit of 11446063?
4
What is the hundred thousands digit of 3635881?
6
What is the hundreds digit of 36862?
8
What is the thousands digit of 48408?
8
What is the thousands digit of 5260786?
0
What is the units digit of 4061736?
6
What is the units digit of 439624?
4
What is the tens digit of 387188?
8
What is the hundreds digit of 3053893?
8
What is the millions digit of 10727072?
0
What is the hundreds digit of 550849?
8
What is the units digit of 11103436?
6
What is the ten thousands digit of 136888?
3
What is the units digit of 2347691?
1
What is the hundred thousands digit of 1142479?
1
What is the ten millions digit of 23549813?
2
What is the millions digit of 1245315?
1
What is the hundreds digit of 1255396?
3
What is the hundreds digit of 571434?
4
What is the hundred thousands digit of 10380286?
3
What is the ten millions digit of 10883733?
1
What is the ten thousands digit of 37716?
3
What is the tens digit of 1094981?
8
What is the tens digit of 149984?
8
What is the millions digit of 1323170?
1
What is the units digit of 25562828?
8
What is the thousands digit of 6848539?
8
What is the tens digit of 544213?
1
What is the hundreds digit of 7167029?
0
What is the hundred thousands digit of 6511774?
5
What is the hundred thousands digit of 3729766?
7
What is the hundreds digit of 1022153?
1
What is the ten thousands digit of 16825209?
2
What is the hundreds digit of 146477?
4
What is the ten thousands digit of 22092015?
9
What is the hundred thousands digit of 3002024?
0
What is the units digit of 6297937?
7
What is the hundred thousands digit of 3446235?
4
What is the hundred thousands digit of 875604?
8
What is the units digit of 1520657?
7
What is the tens digit of 42356?
5
What is the millions digit of 8854971?
8
What is the ten thousands digit of 307099?
0
What is the thousands digit of 41067?
1
What is the ten thousands digit of 3092928?
9
What is the hundreds digit of 541045?
0
What is the hundreds digit of 2459369?
3
What is the hundred thousands digit of 1396790?
3
What is the tens digit of 95472?
7
What is the hundreds digit of 114222?
2
What is the units digit of 2345156?
6
What is the tens digit of 1139009?
0
What is the thousands digit of 202750?
2
What is the hundreds digit of 12550294?
2
What is the hundred thousands digit of 155412?
1
What is the hundred thousands digit of 275606?
2
What is the thousands digit of 479750?
9
What is the ten thousands digit of 4687005?
8
What is the thousands digit of 415494?
5
What is the tens digit of 163320?
2
What is the tens digit of 17797?
9
What is the hundreds digit of 41404?
4
What is the hundred thousands digit of 18315147?
3
What is the thousands digit of 34935?
4
What is the thousands digit of 833010?
3
What is the ten thousands digit of 347033?
4
What is the ten thousands digit of 2755532?
5
What is the tens digit of 260176?
7
What is the ten thousands digit of 3399840?
9
What is the ten thousands digit of 195500?
9
What is the units digit of 1982471?
1
What is the thousands digit of 17118111?
8
What is the ten thousands digit of 287700?
8
What is the hundreds digit of 292501?
5
What is the tens digit of 638268?
6
What is the hundreds digit of 538513?
5
What is the units digit of 79018?
8
What is the units digit of 53192?
2
What is the millions digit of 1695334?
1
What is the hundred thousands digit of 257484?
2
What is the tens digit of 9700313?
1
What is the hundreds digit of 2296063?
0
What is the hundred thousands digit of 530393?
5
What is the ten thousands digit of 3405906?
0
What is the ten thousands digit of 1726612?
2
What is the ten thousands digit of 91104?
9
What is the thousands digit of 6537250?
7
What is the units digit of 27286228?
8
What is the units digit of 432444?
4
What is the hundreds digit of 47743?
7
What is the thousands digit of 401863?
1
What is the tens digit of 5338540?
4
What is the tens digit of 5704994?
9
What is the tens digit of 1508902?
0
What is the thousands digit of 1790770?
0
What is the units digit of 265352?
2
What is the hundreds digit of 545082?
0
What is the units digit of 28717579?
9
What is the tens digit of 34218?
1
What is the tens digit of 534178?
7
What is the hundred thousands digit of 21114309?
1
What is the hundred thousands digit of 6545281?
5
What is the units digit of 204105?
5
What is the hundreds digit of 135